{"id":261,"date":"2023-09-01T15:05:22","date_gmt":"2023-09-01T18:05:22","guid":{"rendered":"https:\/\/dogscollege.com.br\/?page_id=261"},"modified":"2023-09-01T16:37:47","modified_gmt":"2023-09-01T19:37:47","slug":"servico","status":"publish","type":"page","link":"https:\/\/dogscollege.com.br\/?page_id=261","title":{"rendered":"Servi\u00e7o"},"content":{"rendered":"\t\t<div data-elementor-type=\"wp-page\" data-elementor-id=\"261\" class=\"elementor elementor-261\">\n\t\t\t\t\t\t\t\t\t<section class=\"elementor-section elementor-top-section elementor-element elementor-element-f355cae elementor-section-full_width elementor-section-height-default elementor-section-height-default\" data-id=\"f355cae\" data-element_type=\"section\" data-settings=\"{&quot;background_background&quot;:&quot;gradient&quot;}\">\n\t\t\t\t\t\t<div class=\"elementor-container elementor-column-gap-default\">\n\t\t\t\t\t<div class=\"elementor-column elementor-col-50 elementor-top-column elementor-element elementor-element-70b6438\" data-id=\"70b6438\" data-element_type=\"column\">\n\t\t\t<div class=\"elementor-widget-wrap elementor-element-populated\">\n\t\t\t\t\t\t\t\t<div class=\"elementor-element elementor-element-3fce894 elementor-widget elementor-widget-heading\" data-id=\"3fce894\" data-element_type=\"widget\" data-widget_type=\"heading.default\">\n\t\t\t\t<div class=\"elementor-widget-container\">\n\t\t\t<style>\/*! elementor - v3.15.0 - 20-08-2023 *\/\n.elementor-heading-title{padding:0;margin:0;line-height:1}.elementor-widget-heading .elementor-heading-title[class*=elementor-size-]>a{color:inherit;font-size:inherit;line-height:inherit}.elementor-widget-heading .elementor-heading-title.elementor-size-small{font-size:15px}.elementor-widget-heading .elementor-heading-title.elementor-size-medium{font-size:19px}.elementor-widget-heading .elementor-heading-title.elementor-size-large{font-size:29px}.elementor-widget-heading .elementor-heading-title.elementor-size-xl{font-size:39px}.elementor-widget-heading .elementor-heading-title.elementor-size-xxl{font-size:59px}<\/style><h2 class=\"elementor-heading-title elementor-size-default\"><b>Creche \/ DayCare<\/b><\/h2>\t\t<\/div>\n\t\t\t\t<\/div>\n\t\t\t\t<div class=\"elementor-element elementor-element-493e3f2 elementor-widget elementor-widget-text-editor\" data-id=\"493e3f2\" data-element_type=\"widget\" data-widget_type=\"text-editor.default\">\n\t\t\t\t<div class=\"elementor-widget-container\">\n\t\t\t<style>\/*! elementor - v3.15.0 - 20-08-2023 *\/\n.elementor-widget-text-editor.elementor-drop-cap-view-stacked .elementor-drop-cap{background-color:#69727d;color:#fff}.elementor-widget-text-editor.elementor-drop-cap-view-framed .elementor-drop-cap{color:#69727d;border:3px solid;background-color:transparent}.elementor-widget-text-editor:not(.elementor-drop-cap-view-default) .elementor-drop-cap{margin-top:8px}.elementor-widget-text-editor:not(.elementor-drop-cap-view-default) .elementor-drop-cap-letter{width:1em;height:1em}.elementor-widget-text-editor .elementor-drop-cap{float:left;text-align:center;line-height:1;font-size:50px}.elementor-widget-text-editor .elementor-drop-cap-letter{display:inline-block}<\/style>\t\t\t\t<p>Creche Recreativa, porem n\u00e3o esquecendo bases comportamentais, alguns princ\u00edpios que n\u00e3o abriremos m\u00e3o para que isso ocorra.<\/p><p>Rotinas estruturadas, com exerc\u00edcios f\u00edsicos e mentais, para manter seus gastos de energia, socializa\u00e7\u00e3o, aumento de confian\u00e7a, estimula\u00e7\u00e3o cognitiva.<\/p><p>Socializa\u00e7\u00e3o com outros c\u00e3es, fundamental para o desenvolvimento social e saud\u00e1vel, novas experi\u00eancias, com objetivo de torna-los mais confiantes e confort\u00e1veis em diferentes situa\u00e7\u00f5es.<\/p><p>Momentos de relaxamentos, sim os c\u00e3es tamb\u00e9m precisam de descanso para recuperar suas energias e mant\u00ea-los em equil\u00edbrio.<\/p><p>Supervis\u00e3o com pessoas especializadas, para que tenham todas as garantias e seguran\u00e7a necess\u00e1rias.<\/p>\t\t\t\t\t\t<\/div>\n\t\t\t\t<\/div>\n\t\t\t\t<div class=\"elementor-element elementor-element-039584c elementor-widget elementor-widget-heading\" data-id=\"039584c\" data-element_type=\"widget\" data-widget_type=\"heading.default\">\n\t\t\t\t<div class=\"elementor-widget-container\">\n\t\t\t<h2 class=\"elementor-heading-title elementor-size-default\"><b>Hotel \/ Hospedagem<\/b><\/h2>\t\t<\/div>\n\t\t\t\t<\/div>\n\t\t\t\t<div class=\"elementor-element elementor-element-b312701 elementor-widget elementor-widget-text-editor\" data-id=\"b312701\" data-element_type=\"widget\" data-widget_type=\"text-editor.default\">\n\t\t\t\t<div class=\"elementor-widget-container\">\n\t\t\t\t\t\t\t<p><span style=\"color: var( --e-global-color-text ); font-family: var( --e-global-typography-text-font-family ), more sugar; font-weight: var( --e-global-typography-text-font-weight ); background-color: transparent; font-size: 1rem;\">Sabemos como \u00e9 dif\u00edcil ter que viajar a trabalho ou a lazer com o restante da fam\u00edlia, porem as vezes n\u00e3o podemos estar com nossos pet nesse momento.<\/span><\/p><p>Pensando nisso montamos um ambiente seguro, para que possam realizar suas atividades com tranquilidade, e ele manter uma rotina com exerc\u00edcios socializa\u00e7\u00e3o e relaxamento.<\/p><p>Gostaria de Aproveitar e informar que nossas instala\u00e7\u00f5es n\u00e3o possuem baias ou canis, tendo uma \u00e1rea livre, muito importante seu pet esteja socializados com o grupo, para total seguran\u00e7a.<\/p><p>\u00a0<\/p>\t\t\t\t\t\t<\/div>\n\t\t\t\t<\/div>\n\t\t\t\t\t<\/div>\n\t\t<\/div>\n\t\t\t\t<div class=\"elementor-column elementor-col-50 elementor-top-column elementor-element elementor-element-7b88185\" data-id=\"7b88185\" data-element_type=\"column\">\n\t\t\t<div class=\"elementor-widget-wrap\">\n\t\t\t\t\t\t\t\t\t<\/div>\n\t\t<\/div>\n\t\t\t\t\t\t\t<\/div>\n\t\t<\/section>\n\t\t\t\t\t\t\t<\/div>\n\t\t","protected":false},"excerpt":{"rendered":"<p>Creche \/ DayCare Creche Recreativa, porem n\u00e3o esquecendo bases comportamentais, alguns princ\u00edpios que n\u00e3o abriremos m\u00e3o para que isso ocorra. Rotinas estruturadas, com exerc\u00edcios f\u00edsicos e mentais, para manter seus gastos de energia, socializa\u00e7\u00e3o, aumento de confian\u00e7a, estimula\u00e7\u00e3o cognitiva. Socializa\u00e7\u00e3o com outros c\u00e3es, fundamental para o desenvolvimento social e saud\u00e1vel, novas experi\u00eancias, com objetivo de [&hellip;]<\/p>\n","protected":false},"author":1,"featured_media":0,"parent":0,"menu_order":0,"comment_status":"closed","ping_status":"closed","template":"elementor_header_footer","meta":{"footnotes":""},"_links":{"self":[{"href":"https:\/\/dogscollege.com.br\/index.php?rest_route=\/wp\/v2\/pages\/261"}],"collection":[{"href":"https:\/\/dogscollege.com.br\/index.php?rest_route=\/wp\/v2\/pages"}],"about":[{"href":"https:\/\/dogscollege.com.br\/index.php?rest_route=\/wp\/v2\/types\/page"}],"author":[{"embeddable":true,"href":"https:\/\/dogscollege.com.br\/index.php?rest_route=\/wp\/v2\/users\/1"}],"replies":[{"embeddable":true,"href":"https:\/\/dogscollege.com.br\/index.php?rest_route=%2Fwp%2Fv2%2Fcomments&post=261"}],"version-history":[{"count":4,"href":"https:\/\/dogscollege.com.br\/index.php?rest_route=\/wp\/v2\/pages\/261\/revisions"}],"predecessor-version":[{"id":270,"href":"https:\/\/dogscollege.com.br\/index.php?rest_route=\/wp\/v2\/pages\/261\/revisions\/270"}],"wp:attachment":[{"href":"https:\/\/dogscollege.com.br\/index.php?rest_route=%2Fwp%2Fv2%2Fmedia&parent=261"}],"curies":[{"name":"wp","href":"https:\/\/api.w.org\/{rel}","templated":true}]}}