{"id":32,"date":"2023-08-14T15:14:13","date_gmt":"2023-08-14T18:14:13","guid":{"rendered":"https:\/\/dogscollege.com.br\/?page_id=32"},"modified":"2023-09-01T16:46:01","modified_gmt":"2023-09-01T19:46:01","slug":"home","status":"publish","type":"page","link":"https:\/\/dogscollege.com.br\/","title":{"rendered":"Home"},"content":{"rendered":"\t\t<div data-elementor-type=\"wp-page\" data-elementor-id=\"32\" class=\"elementor elementor-32\">\n\t\t\t\t\t\t\t\t\t<section class=\"elementor-section elementor-top-section elementor-element elementor-element-e0321c0 elementor-section-height-full elementor-section-content-middle elementor-section-boxed elementor-section-height-default elementor-section-items-middle\" data-id=\"e0321c0\" data-element_type=\"section\" data-settings=\"{&quot;background_background&quot;:&quot;gradient&quot;}\">\n\t\t\t\t\t\t<div class=\"elementor-container elementor-column-gap-default\">\n\t\t\t\t\t<div class=\"elementor-column elementor-col-50 elementor-top-column elementor-element elementor-element-c23a231\" data-id=\"c23a231\" data-element_type=\"column\">\n\t\t\t<div class=\"elementor-widget-wrap elementor-element-populated\">\n\t\t\t\t\t\t\t\t<div class=\"elementor-element elementor-element-3a2f5b9 elementor-widget__width-initial elementor-widget-tablet__width-initial elementor-widget-mobile__width-initial elementor-widget elementor-widget-heading\" data-id=\"3a2f5b9\" data-element_type=\"widget\" data-widget_type=\"heading.default\">\n\t\t\t\t<div class=\"elementor-widget-container\">\n\t\t\t<style>\/*! elementor - v3.15.0 - 20-08-2023 *\/\n.elementor-heading-title{padding:0;margin:0;line-height:1}.elementor-widget-heading .elementor-heading-title[class*=elementor-size-]>a{color:inherit;font-size:inherit;line-height:inherit}.elementor-widget-heading .elementor-heading-title.elementor-size-small{font-size:15px}.elementor-widget-heading .elementor-heading-title.elementor-size-medium{font-size:19px}.elementor-widget-heading .elementor-heading-title.elementor-size-large{font-size:29px}.elementor-widget-heading .elementor-heading-title.elementor-size-xl{font-size:39px}.elementor-widget-heading .elementor-heading-title.elementor-size-xxl{font-size:59px}<\/style><h2 class=\"elementor-heading-title elementor-size-default\"><br>Bem-vindo ao novo Lugar Preferido do Pet<\/h2>\t\t<\/div>\n\t\t\t\t<\/div>\n\t\t\t\t<div class=\"elementor-element elementor-element-c610e16 elementor-widget-mobile__width-initial elementor-widget elementor-widget-heading\" data-id=\"c610e16\" data-element_type=\"widget\" data-widget_type=\"heading.default\">\n\t\t\t\t<div class=\"elementor-widget-container\">\n\t\t\t<h2 class=\"elementor-heading-title elementor-size-default\">Dog's College<\/h2>\t\t<\/div>\n\t\t\t\t<\/div>\n\t\t\t\t<div class=\"elementor-element elementor-element-2af1d11 elementor-widget__width-initial elementor-widget-tablet__width-initial elementor-widget elementor-widget-text-editor\" data-id=\"2af1d11\" data-element_type=\"widget\" data-widget_type=\"text-editor.default\">\n\t\t\t\t<div class=\"elementor-widget-container\">\n\t\t\t<style>\/*! elementor - v3.15.0 - 20-08-2023 *\/\n.elementor-widget-text-editor.elementor-drop-cap-view-stacked .elementor-drop-cap{background-color:#69727d;color:#fff}.elementor-widget-text-editor.elementor-drop-cap-view-framed .elementor-drop-cap{color:#69727d;border:3px solid;background-color:transparent}.elementor-widget-text-editor:not(.elementor-drop-cap-view-default) .elementor-drop-cap{margin-top:8px}.elementor-widget-text-editor:not(.elementor-drop-cap-view-default) .elementor-drop-cap-letter{width:1em;height:1em}.elementor-widget-text-editor .elementor-drop-cap{float:left;text-align:center;line-height:1;font-size:50px}.elementor-widget-text-editor .elementor-drop-cap-letter{display:inline-block}<\/style>\t\t\t\t<p>Com foco total em bem-estar \u00fanico, produzindo vivencias e ensinamentos ao seu Pet.<\/p><p>Tudo isso com uma rotina estruturada, com exerc\u00edcios f\u00edsicos e mentais,\u00a0 enriquecimentos ambientais, e socializa\u00e7\u00e3o em grupo.\u00a0<\/p><p>Sempre com todos os cuidados necess\u00e1rio para fazer a diferen\u00e7a e qualidade de vida ao C\u00e3o.<\/p>\t\t\t\t\t\t<\/div>\n\t\t\t\t<\/div>\n\t\t\t\t\t<\/div>\n\t\t<\/div>\n\t\t\t\t<div class=\"elementor-column elementor-col-50 elementor-top-column elementor-element elementor-element-e60d6fc\" data-id=\"e60d6fc\" data-element_type=\"column\">\n\t\t\t<div class=\"elementor-widget-wrap elementor-element-populated\">\n\t\t\t\t\t\t\t\t<div class=\"elementor-element elementor-element-d395884 animated-slow e-transform elementor-invisible elementor-widget elementor-widget-image-gallery\" data-id=\"d395884\" data-element_type=\"widget\" data-settings=\"{&quot;_animation&quot;:&quot;zoomInUp&quot;,&quot;_animation_delay&quot;:100,&quot;_transform_rotateZ_effect_hover&quot;:{&quot;unit&quot;:&quot;px&quot;,&quot;size&quot;:&quot;&quot;,&quot;sizes&quot;:[]},&quot;_transform_rotateZ_effect_hover_tablet&quot;:{&quot;unit&quot;:&quot;deg&quot;,&quot;size&quot;:&quot;&quot;,&quot;sizes&quot;:[]},&quot;_transform_rotateZ_effect_hover_mobile&quot;:{&quot;unit&quot;:&quot;deg&quot;,&quot;size&quot;:&quot;&quot;,&quot;sizes&quot;:[]}}\" data-widget_type=\"image-gallery.default\">\n\t\t\t\t<div class=\"elementor-widget-container\">\n\t\t\t<style>\/*! elementor - v3.15.0 - 20-08-2023 *\/\n.elementor-image-gallery .gallery-item{display:inline-block;text-align:center;vertical-align:top;width:100%;max-width:100%;margin:0 auto}.elementor-image-gallery .gallery-item img{margin:0 auto}.elementor-image-gallery .gallery-item .gallery-caption{margin:0}.elementor-image-gallery figure img{display:block}.elementor-image-gallery figure figcaption{width:100%}.gallery-spacing-custom .elementor-image-gallery .gallery-icon{padding:0}@media (min-width:768px){.elementor-image-gallery .gallery-columns-2 .gallery-item{max-width:50%}.elementor-image-gallery .gallery-columns-3 .gallery-item{max-width:33.33%}.elementor-image-gallery .gallery-columns-4 .gallery-item{max-width:25%}.elementor-image-gallery .gallery-columns-5 .gallery-item{max-width:20%}.elementor-image-gallery .gallery-columns-6 .gallery-item{max-width:16.666%}.elementor-image-gallery .gallery-columns-7 .gallery-item{max-width:14.28%}.elementor-image-gallery .gallery-columns-8 .gallery-item{max-width:12.5%}.elementor-image-gallery .gallery-columns-9 .gallery-item{max-width:11.11%}.elementor-image-gallery .gallery-columns-10 .gallery-item{max-width:10%}}@media (min-width:480px) and (max-width:767px){.elementor-image-gallery .gallery.gallery-columns-2 .gallery-item,.elementor-image-gallery .gallery.gallery-columns-3 .gallery-item,.elementor-image-gallery .gallery.gallery-columns-4 .gallery-item,.elementor-image-gallery .gallery.gallery-columns-5 .gallery-item,.elementor-image-gallery .gallery.gallery-columns-6 .gallery-item,.elementor-image-gallery .gallery.gallery-columns-7 .gallery-item,.elementor-image-gallery .gallery.gallery-columns-8 .gallery-item,.elementor-image-gallery .gallery.gallery-columns-9 .gallery-item,.elementor-image-gallery .gallery.gallery-columns-10 .gallery-item{max-width:50%}}@media (max-width:479px){.elementor-image-gallery .gallery.gallery-columns-2 .gallery-item,.elementor-image-gallery .gallery.gallery-columns-3 .gallery-item,.elementor-image-gallery .gallery.gallery-columns-4 .gallery-item,.elementor-image-gallery .gallery.gallery-columns-5 .gallery-item,.elementor-image-gallery .gallery.gallery-columns-6 .gallery-item,.elementor-image-gallery .gallery.gallery-columns-7 .gallery-item,.elementor-image-gallery .gallery.gallery-columns-8 .gallery-item,.elementor-image-gallery .gallery.gallery-columns-9 .gallery-item,.elementor-image-gallery .gallery.gallery-columns-10 .gallery-item{max-width:100%}}<\/style>\t\t<div class=\"elementor-image-gallery\">\n\t\t\t<div id='gallery-1' class='gallery galleryid-32 gallery-columns-4 gallery-size-thumbnail'><figure class='gallery-item'>\n\t\t\t<div class='gallery-icon portrait'>\n\t\t\t\t<a data-elementor-open-lightbox=\"yes\" data-elementor-lightbox-slideshow=\"d395884\" data-elementor-lightbox-title=\"thor\" data-e-action-hash=\"#elementor-action%3Aaction%3Dlightbox%26settings%3DeyJpZCI6MjI4LCJ1cmwiOiJodHRwczpcL1wvZG9nc2NvbGxlZ2UuY29tLmJyXC93cC1jb250ZW50XC91cGxvYWRzXC8yMDIzXC8wOFwvdGhvci5qcGciLCJzbGlkZXNob3ciOiJkMzk1ODg0In0%3D\" href='https:\/\/dogscollege.com.br\/wp-content\/uploads\/2023\/08\/thor.jpg'><img width=\"150\" height=\"150\" src=\"https:\/\/dogscollege.com.br\/wp-content\/uploads\/2023\/08\/thor-150x150.jpg\" class=\"attachment-thumbnail size-thumbnail\" alt=\"\" decoding=\"async\" loading=\"lazy\" \/><\/a>\n\t\t\t<\/div><\/figure><figure class='gallery-item'>\n\t\t\t<div class='gallery-icon landscape'>\n\t\t\t\t<a data-elementor-open-lightbox=\"yes\" data-elementor-lightbox-slideshow=\"d395884\" data-elementor-lightbox-title=\"thor bola 2\" data-e-action-hash=\"#elementor-action%3Aaction%3Dlightbox%26settings%3DeyJpZCI6MjI2LCJ1cmwiOiJodHRwczpcL1wvZG9nc2NvbGxlZ2UuY29tLmJyXC93cC1jb250ZW50XC91cGxvYWRzXC8yMDIzXC8wOFwvdGhvci1ib2xhLTIuanBnIiwic2xpZGVzaG93IjoiZDM5NTg4NCJ9\" href='https:\/\/dogscollege.com.br\/wp-content\/uploads\/2023\/08\/thor-bola-2.jpg'><img width=\"150\" height=\"150\" src=\"https:\/\/dogscollege.com.br\/wp-content\/uploads\/2023\/08\/thor-bola-2-150x150.jpg\" class=\"attachment-thumbnail size-thumbnail\" alt=\"\" decoding=\"async\" loading=\"lazy\" \/><\/a>\n\t\t\t<\/div><\/figure><figure class='gallery-item'>\n\t\t\t<div class='gallery-icon portrait'>\n\t\t\t\t<a data-elementor-open-lightbox=\"yes\" data-elementor-lightbox-slideshow=\"d395884\" data-elementor-lightbox-title=\"Luke02\" data-e-action-hash=\"#elementor-action%3Aaction%3Dlightbox%26settings%3DeyJpZCI6MjI1LCJ1cmwiOiJodHRwczpcL1wvZG9nc2NvbGxlZ2UuY29tLmJyXC93cC1jb250ZW50XC91cGxvYWRzXC8yMDIzXC8wOFwvTHVrZTAyLmpwZyIsInNsaWRlc2hvdyI6ImQzOTU4ODQifQ%3D%3D\" href='https:\/\/dogscollege.com.br\/wp-content\/uploads\/2023\/08\/Luke02.jpg'><img width=\"150\" height=\"150\" src=\"https:\/\/dogscollege.com.br\/wp-content\/uploads\/2023\/08\/Luke02-150x150.jpg\" class=\"attachment-thumbnail size-thumbnail\" alt=\"\" decoding=\"async\" loading=\"lazy\" \/><\/a>\n\t\t\t<\/div><\/figure><figure class='gallery-item'>\n\t\t\t<div class='gallery-icon portrait'>\n\t\t\t\t<a data-elementor-open-lightbox=\"yes\" data-elementor-lightbox-slideshow=\"d395884\" data-elementor-lightbox-title=\"IMG_5169\" data-e-action-hash=\"#elementor-action%3Aaction%3Dlightbox%26settings%3DeyJpZCI6MjAyLCJ1cmwiOiJodHRwczpcL1wvZG9nc2NvbGxlZ2UuY29tLmJyXC93cC1jb250ZW50XC91cGxvYWRzXC8yMDIzXC8wOFwvSU1HXzUxNjktMS1lMTY5MjEyMTU4OTkyOC5qcGciLCJzbGlkZXNob3ciOiJkMzk1ODg0In0%3D\" href='https:\/\/dogscollege.com.br\/wp-content\/uploads\/2023\/08\/IMG_5169-1-e1692121589928.jpg'><img width=\"150\" height=\"150\" src=\"https:\/\/dogscollege.com.br\/wp-content\/uploads\/2023\/08\/IMG_5169-1-150x150.jpg\" class=\"attachment-thumbnail size-thumbnail\" alt=\"\" decoding=\"async\" loading=\"lazy\" \/><\/a>\n\t\t\t<\/div><\/figure><figure class='gallery-item'>\n\t\t\t<div class='gallery-icon portrait'>\n\t\t\t\t<a data-elementor-open-lightbox=\"yes\" data-elementor-lightbox-slideshow=\"d395884\" data-elementor-lightbox-title=\"IMG_5019\" data-e-action-hash=\"#elementor-action%3Aaction%3Dlightbox%26settings%3DeyJpZCI6MjAxLCJ1cmwiOiJodHRwczpcL1wvZG9nc2NvbGxlZ2UuY29tLmJyXC93cC1jb250ZW50XC91cGxvYWRzXC8yMDIzXC8wOFwvSU1HXzUwMTktMS1zY2FsZWQtZTE2OTIxMjEzMzYyMjkuanBnIiwic2xpZGVzaG93IjoiZDM5NTg4NCJ9\" href='https:\/\/dogscollege.com.br\/wp-content\/uploads\/2023\/08\/IMG_5019-1-scaled-e1692121336229.jpg'><img width=\"150\" height=\"150\" src=\"https:\/\/dogscollege.com.br\/wp-content\/uploads\/2023\/08\/IMG_5019-1-150x150.jpg\" class=\"attachment-thumbnail size-thumbnail\" alt=\"\" decoding=\"async\" loading=\"lazy\" \/><\/a>\n\t\t\t<\/div><\/figure><figure class='gallery-item'>\n\t\t\t<div class='gallery-icon portrait'>\n\t\t\t\t<a data-elementor-open-lightbox=\"yes\" data-elementor-lightbox-slideshow=\"d395884\" data-elementor-lightbox-title=\"36408A5A-AF5C-4420-9A2B-D8AC1481EA13\" data-e-action-hash=\"#elementor-action%3Aaction%3Dlightbox%26settings%3DeyJpZCI6MTM5LCJ1cmwiOiJodHRwczpcL1wvZG9nc2NvbGxlZ2UuY29tLmJyXC93cC1jb250ZW50XC91cGxvYWRzXC8yMDIzXC8wOFwvMzY0MDhBNUEtQUY1Qy00NDIwLTlBMkItRDhBQzE0ODFFQTEzLXNjYWxlZC1lMTY5MjEyMTYwODM4Ni5qcGciLCJzbGlkZXNob3ciOiJkMzk1ODg0In0%3D\" href='https:\/\/dogscollege.com.br\/wp-content\/uploads\/2023\/08\/36408A5A-AF5C-4420-9A2B-D8AC1481EA13-scaled-e1692121608386.jpg'><img width=\"150\" height=\"150\" src=\"https:\/\/dogscollege.com.br\/wp-content\/uploads\/2023\/08\/36408A5A-AF5C-4420-9A2B-D8AC1481EA13-150x150.jpg\" class=\"attachment-thumbnail size-thumbnail\" alt=\"\" decoding=\"async\" loading=\"lazy\" \/><\/a>\n\t\t\t<\/div><\/figure><figure class='gallery-item'>\n\t\t\t<div class='gallery-icon portrait'>\n\t\t\t\t<a data-elementor-open-lightbox=\"yes\" data-elementor-lightbox-slideshow=\"d395884\" data-elementor-lightbox-title=\"Luke 03\" data-e-action-hash=\"#elementor-action%3Aaction%3Dlightbox%26settings%3DeyJpZCI6MjIzLCJ1cmwiOiJodHRwczpcL1wvZG9nc2NvbGxlZ2UuY29tLmJyXC93cC1jb250ZW50XC91cGxvYWRzXC8yMDIzXC8wOFwvTHVrZS0wMy5qcGciLCJzbGlkZXNob3ciOiJkMzk1ODg0In0%3D\" href='https:\/\/dogscollege.com.br\/wp-content\/uploads\/2023\/08\/Luke-03.jpg'><img width=\"150\" height=\"150\" src=\"https:\/\/dogscollege.com.br\/wp-content\/uploads\/2023\/08\/Luke-03-150x150.jpg\" class=\"attachment-thumbnail size-thumbnail\" alt=\"\" decoding=\"async\" loading=\"lazy\" \/><\/a>\n\t\t\t<\/div><\/figure><figure class='gallery-item'>\n\t\t\t<div class='gallery-icon portrait'>\n\t\t\t\t<a data-elementor-open-lightbox=\"yes\" data-elementor-lightbox-slideshow=\"d395884\" data-elementor-lightbox-title=\"IMG_5173\" data-e-action-hash=\"#elementor-action%3Aaction%3Dlightbox%26settings%3DeyJpZCI6MjA0LCJ1cmwiOiJodHRwczpcL1wvZG9nc2NvbGxlZ2UuY29tLmJyXC93cC1jb250ZW50XC91cGxvYWRzXC8yMDIzXC8wOFwvSU1HXzUxNzMtMS1lMTY5MjEyMTU1MTMzMC5qcGciLCJzbGlkZXNob3ciOiJkMzk1ODg0In0%3D\" href='https:\/\/dogscollege.com.br\/wp-content\/uploads\/2023\/08\/IMG_5173-1-e1692121551330.jpg'><img width=\"150\" height=\"150\" src=\"https:\/\/dogscollege.com.br\/wp-content\/uploads\/2023\/08\/IMG_5173-1-150x150.jpg\" class=\"attachment-thumbnail size-thumbnail\" alt=\"\" decoding=\"async\" loading=\"lazy\" \/><\/a>\n\t\t\t<\/div><\/figure>\n\t\t<\/div>\n\t\t<\/div>\n\t\t\t\t<\/div>\n\t\t\t\t<\/div>\n\t\t\t\t\t<\/div>\n\t\t<\/div>\n\t\t\t\t\t\t\t<\/div>\n\t\t<\/section>\n\t\t\t\t<section class=\"elementor-section elementor-top-section elementor-element elementor-element-f6b8527 elementor-section-boxed elementor-section-height-default elementor-section-height-default\" data-id=\"f6b8527\" data-element_type=\"section\">\n\t\t\t\t\t\t<div class=\"elementor-container elementor-column-gap-default\">\n\t\t\t\t\t<div class=\"elementor-column elementor-col-100 elementor-top-column elementor-element elementor-element-b5ab5b6\" data-id=\"b5ab5b6\" data-element_type=\"column\">\n\t\t\t<div class=\"elementor-widget-wrap\">\n\t\t\t\t\t\t\t\t\t<\/div>\n\t\t<\/div>\n\t\t\t\t\t\t\t<\/div>\n\t\t<\/section>\n\t\t\t\t\t\t\t<\/div>\n\t\t","protected":false},"excerpt":{"rendered":"<p>Bem-vindo ao novo Lugar Preferido do Pet Dog&#8217;s College Com foco total em bem-estar \u00fanico, produzindo vivencias e ensinamentos ao seu Pet. Tudo isso com uma rotina estruturada, com exerc\u00edcios f\u00edsicos e mentais,\u00a0 enriquecimentos ambientais, e socializa\u00e7\u00e3o em grupo.\u00a0 Sempre com todos os cuidados necess\u00e1rio para fazer a diferen\u00e7a e qualidade de vida ao C\u00e3o.<\/p>\n","protected":false},"author":1,"featured_media":0,"parent":0,"menu_order":0,"comment_status":"closed","ping_status":"closed","template":"elementor_header_footer","meta":{"footnotes":""},"_links":{"self":[{"href":"https:\/\/dogscollege.com.br\/index.php?rest_route=\/wp\/v2\/pages\/32"}],"collection":[{"href":"https:\/\/dogscollege.com.br\/index.php?rest_route=\/wp\/v2\/pages"}],"about":[{"href":"https:\/\/dogscollege.com.br\/index.php?rest_route=\/wp\/v2\/types\/page"}],"author":[{"embeddable":true,"href":"https:\/\/dogscollege.com.br\/index.php?rest_route=\/wp\/v2\/users\/1"}],"replies":[{"embeddable":true,"href":"https:\/\/dogscollege.com.br\/index.php?rest_route=%2Fwp%2Fv2%2Fcomments&post=32"}],"version-history":[{"count":43,"href":"https:\/\/dogscollege.com.br\/index.php?rest_route=\/wp\/v2\/pages\/32\/revisions"}],"predecessor-version":[{"id":282,"href":"https:\/\/dogscollege.com.br\/index.php?rest_route=\/wp\/v2\/pages\/32\/revisions\/282"}],"wp:attachment":[{"href":"https:\/\/dogscollege.com.br\/index.php?rest_route=%2Fwp%2Fv2%2Fmedia&parent=32"}],"curies":[{"name":"wp","href":"https:\/\/api.w.org\/{rel}","templated":true}]}}